nits digit of r?
8
Let w = -23 + 23. Suppose w = -6*f - f + 980. What is the tens digit of f?
4
Suppose -179*t = -193*t + 31444. What is the thousands digit of t?
2
Let k(u) = u**3 - 4*u**2 + 3*u + 2. Let i be k(3). Let m(n) = 2*n + 3 - 2*n + 2*n - 4*n**2 - n**3 + n**i. What is the units digit of m(-5)?
3
Let g = 145 + 19. What is the tens digit of g?
6
Suppose -6*j + i = -3*j - 24, -5*j - 5*i = -60. What is the units digit of (-9 - j)*(-18)/4?
1
Let r(k) = 13*k + 1. Suppose -4*b + h + 3 = 0, 3 = -4*b + 3*h - 4. Suppose c = 2*c - b. What is the units digit of r(c)?
7
Let l(x) = 5 - 5*x + 4*x + 12. Let o be l(12). Suppose -262 = -o*j - 27. What is the units digit of j?
7
Suppose -3*n = t - 19, 32 = 3*n + 5*t - 3. Suppose 2*s - p - 3*p = 206, -3*s + 311 = -n*p. What is the units digit of s?
7
Let s(k) = -26*k**2 - 3*k. Let r be s(2). Let b = r + 231. What is the tens digit of b?
2
Let j be -7 + 1/(-2)*0. Let f be 6/(-21) - 2/j. Suppose -2*c + f*c = -76. What is the tens digit of c?
3
Let s(j) = -5*j - 31. What is the units digit of s(-27)?
4
Let t = 337 + -142. What is the hundreds digit of t?
1
Let x be (-2)/10 - 238/10. Let r = -8 + x. Let u = 46 + r. What is the tens digit of u?
1
Let s be (-8 + -4)/((-6)/4). Suppose -r + 14 = -s. What is the units digit of r?
2
Suppose 6*l - 8 = 2*l. Suppose -f + 356 = 2*u, -4*u + 710 = 3*f - l*f. What is the hundreds digit of u?
1
Let t(f) = -f**2 - 9*f - 6. Let z be t(-6). Let o(h) = -h**3 + 15*h**2 - 12*h - 23. What is the units digit of o(z)?
5
What is the tens digit of (4 + -4)/4 + 394?
9
Suppose -13*u + 17*u = 8. Suppose -g = -4*r - 26, -u*g + 2 + 5 = r. What is the units digit of g?
6
Let b = 9 + 25. Let n = 20 - b. What is the units digit of -3*(n/3 - -1)?
1
Suppose 0 = 10*u - 11*u + 150. What is the tens digit of ((-96)/(-30)*1)/(4/u)?
2
Let w(t) = 56*t**2 + 3*t + 16. What is the tens digit of w(-4)?
0
Let w(g) = 0 - g - 4 - 3 - 3. Let f be w(-13). Suppose 102 - 18 = f*j. What is the units digit of j?
8
Let o = 1004 - 325. Suppose 3*b - o - 374 = 0. What is the units digit of b?
1
Let m = -76 - -358. What is the units digit of m?
2
Let o be ((-945)/18 + 6)*6/(-9). Let v be ((-26)/6)/(2/(-6)). Let k = o - v. What is the tens digit of k?
1
Let m(q) = -q**2 - 17*q + 20. Let v be m(-18). Suppose -6*d + v*d - 254 = -2*k, -4*k + 5*d = -520. What is the units digit of k?
5
Let l = -77 - -92. What is the units digit of -20*((-27)/l + -3)?
6
Let p(o) = o**3 - 20*o**2 + 25*o + 14. Let t = -7 - -26. What is the units digit of p(t)?
8
Suppose -42*o - 2100 = -46*o. What is the hundreds digit of o?
5
Let w(n) be the first derivative of n**4/4 - 3*n**3 - 5*n**2 - 3*n + 6. Let v be w(10). What is the tens digit of v - 0 - (0 - 45)?
4
Let h(y) = 2*y**2 + y - 15. Let c be h(5). Suppose c*l - 32*l = 1272. What is the hundreds digit of l?
1
Let t = -1092 - -1575. What is the hundreds digit of t?
4
Let h = 7 - 2. Let o(b) = b**3 - 2*b**2 - 4*b + 1. Let q be o(h). Suppose 5*x + 3 = 28, -3*d - 4*x = -q. What is the tens digit of d?
1
Let r = -51 + 96. What is the tens digit of 18/r + 446/10?
4
Suppose 0*u + 1202 = -3*m - 2*u, -3*u - 2005 = 5*m. Let k = -268 - m. What is the units digit of k?
6
Let h be (-10)/(-40) - (-121)/(-4). Let i be (h/25)/((-3)/(-20)). What is the units digit of 20/i*152/(-10)?
8
Suppose l - 4 = -3. Suppose 4*t + g + 6 = 2, -t - 3*g = l. What is the units digit of 48/1 - (-3 + t)?
2
Suppose 24 = -4*k - 3*s, -3*k = -k - 2*s + 26. What is the tens digit of (-5)/((-2)/k - (-60)/(-108))?
1
Suppose -3*r = 114*m - 118*m - 3617, 2*r + 3*m = 2400. What is the tens digit of r?
0
Suppose 9*d - 15342 - 6015 = 0. What is the thousands digit of d?
2
Suppose -3*d + 84 = 5*y, 0*d - 5*d = -15. Suppose -y = -f - 2*f. Suppose 4*h + f*n = 96, 2*h + 3*n + 3 = 53. What is the units digit of h?
9
Suppose -5*c + 188 = -c. Suppose -r + c = -17. What is the units digit of r?
4
Let p(n) = n**3 - 16*n**2 + 22*n - 92. What is the tens digit of p(21)?
7
Let w be 3/(-2*3/16*4). What is the hundreds digit of (-1 - w)/(1/34)*5?
1
Let c = -13 + 18. Suppose -c*y - 57 = -n, 5*n + 10 = 5*y + 75. What is the tens digit of (y/(-2))/(2/4)?
1
What is the units digit of (-75)/10 - -6 - 4645/(-10)?
3
Let y(h) = -5*h**2 + 3*h + 13. Let v(n) = 2*n**2 - 2*n - 6. Let c(m) = 7*v(m) + 3*y(m). What is the units digit of c(-4)?
1
What is the thousands digit of ((-11216)/(-6) - -2) + 16/24?
1
Suppose 174 = 3*p - 918. What is the units digit of p?
4
Suppose 18959 = 5*a - 3*c, -3*a + 3*c = 1371 - 12744. What is the thousands digit of a?
3
Suppose 0*o + 2510 = o + 4*j, -2*o = 4*j - 5000. What is the tens digit of o?
9
Suppose 2*c - 166 = 4*l, 5*c = l + 1 + 54. What is the tens digit of (-1)/((-1 - -5)/l)?
1
Let t = 874 + -411. What is the tens digit of t?
6
Suppose 0 = 4*a + 12, 4*f - 97 = 5*a + 1294. What is the tens digit of f?
4
Suppose -341 = -y - 5*p, 0 = -2*y - 20*p + 23*p + 695. What is the tens digit of y?
4
Let o(k) = -25*k + 721. What is the tens digit of o(9)?
9
What is the units digit of (24 + -55)/(2/(-6))?
3
Let n be ((-1 - -1) + 2)*(-678)/(-12). Suppose -a = -n - 184. What is the tens digit of a?
9
Let g(c) = 2*c**3 + 7*c**2 + 3*c + 8. What is the hundreds digit of g(6)?
7
Let o(h) = -4*h - 1. Let s be o(-5). Let v(k) = k**2 - 6*k - 21. Let r be v(11). Let b = r - s. What is the tens digit of b?
1
Suppose -2*o + 4*w + 5024 = 0, -5*w - 6162 = -2*o - 1141. What is the units digit of o?
8
What is the hundreds digit of -18*467/(-2) - (-21 + 25)?
1
Let j(d) = d**3 + 9*d**2 - 65*d + 4. What is the tens digit of j(-11)?
7
Suppose -h + 1479 = 4*y - 2*y, 2*y - 4*h = 1494. What is the units digit of y?
1
Let x be -2 + -3 + (-2 - -3). What is the units digit of 1355/35 - x/14?
9
Suppose 9*i - 8*i - 875 = 0. What is the hundreds digit of i?
8
What is the tens digit of 7272/14 - (-357)/(-833)?
1
Suppose 4*i = -20, -2*i = 4*p - 3*i - 9. Suppose 3 = -2*z - p. What is the units digit of ((-1)/z)/((-10)/(-120))?
6
Let p = 8 + -3. Let u be ((-9)/(-12))/(p/60). Let i = 9 + u. What is the units digit of i?
8
Suppose 0 = 3*z - 6*z. Suppose 0 = -2*y - y. Suppose z = -y*b + b - 30. What is the units digit of b?
0
Suppose -2*t - 2*m + 1542 + 4436 = 0, 5*m - 8965 = -3*t. What is the thousands digit of t?
2
Let g(k) = k**2 + 7*k + 1. Let x be g(-9). Let u = x + -21. What is the tens digit of (u + -4 + 39)/1?
3
Let a(i) = 21*i**2 + 9*i - 1. Suppose -c - 4*c = q - 12, -2*c + 6 = 0. What is the hundreds digit of a(q)?
1
Suppose -24 = 2*v - 8. Let o be (v/4)/4*24. What is the units digit of (-5)/20 + (-399)/o?
3
Let n(g) = -3*g + 3. Suppose 0*h + 8*h = -56. What is the units digit of n(h)?
4
Let u(g) = -g**2 + 18*g - 4. Let x be 148/10 - 4/(-20). What is the tens digit of u(x)?
4
Let o = 967 + -759. What is the hundreds digit of o?
2
Suppose 24*l = 38*l - 6258. What is the tens digit of l?
4
What is the tens digit of (-825328)/(-196) + 12/(-14)?
1
Suppose -2 = 7*y - 8*y. What is the units digit of ((-90 - 3) + y)/(-1*1)?
1
Suppose 4 = z - 3*z. What is the tens digit of z - 72/(-33) - (-669)/11?
6
Suppose -5*c + 167 = -b, -2*b + 3 = -b. What is the tens digit of c?
3
Let s(n) = 232*n - 12. What is the thousands digit of s(9)?
2
Let y = 21 + 9. Suppose -y = -3*p + 21. What is the units digit of p?
7
Let v(n) = -n**3 + 15*n**2 - 11*n - 34. Let l be v(14). What is the tens digit of (-105)/2*(-3)/9*l?
4
Let k = -2 - -2. Let f(c) = -c**2 - c - 1. Let l be f(k). What is the units digit of (l - -13)*3/4?
9
Suppose 0*a + 20 = 4*a + 3*u, 2*a = -u + 12. Suppose -228 = -2*f + a. What is the tens digit of f?
1
What is the hundreds digit of (-220)/275*15570/(-4)?
1
Let k = -1044 - -1892. What is the units digit of k?
8
Suppose -18704 = -49*c + 42*c. What is the hundreds digit of c?
6
Suppose -2274 = -4*d - 598. What is the hundreds digit of d?
4
Let o(b) = b + 50. Let q(l) = -1. Let i(t) = o(t) + 2*q(t). What is the tens digit of i(-22)?
2
Let m = -250 - 4. Let k = -150 - m. What is the hundreds digit of k?
1
Let f(v) = -15*v - 135. What is the hundreds digit of f(-40)?
4
Let m(l) = -l**3 - 15*l**2. Let w = 8 - 23. Let n be m(w). Suppose f + 1 - 5 = n. What is the units digit of f?
4
Suppose -24*c = -19*c + 180. Let u = 62 + c. What is the tens digit of u?
2
Let g(l) = -4*l**